{"id":719,"date":"2017-12-08T14:13:35","date_gmt":"2017-12-08T14:13:35","guid":{"rendered":"http:\/\/mafeesucree.com\/?page_id=719"},"modified":"2022-11-04T21:41:50","modified_gmt":"2022-11-04T20:41:50","slug":"contacts","status":"publish","type":"page","link":"https:\/\/mafeesucree.com\/?page_id=719","title":{"rendered":"Contact"},"content":{"rendered":"[vc_row][vc_column][vc_row_inner][vc_column_inner offset=\u00a0\u00bbvc_col-lg-offset-1 vc_col-lg-10&Prime;]<div style='border-color: #edecec; ' class='cws_divider none_line style_4'><img style='width:181px;' src='https:\/\/mafeesucree.com\/wp-content\/themes\/bellaria\/img\/dividers\/divider_4.png' alt \/><\/div>[vc_column_text]\n<h2 style=\"text-align: center;\">Contactez-moi<\/h2>\n<p style=\"text-align: center;\">Remplissez le formulaire ci-dessous pour contacter ma f\u00e9e sucr\u00e9e par email, ou cliquer sur le bouton en bas \u00e0 gauche pour discuter sur Facebook Messenger.<\/p>\n<p>&nbsp;[\/vc_column_text][\/vc_column_inner][\/vc_row_inner][vc_row_inner][vc_column_inner width=\u00a0\u00bb1\/4&Prime;]<div style='border-color: #edecec; ' class='cws_divider none_line style_1'><img style='width:73px;' src='https:\/\/mafeesucree.com\/wp-content\/themes\/bellaria\/img\/dividers\/divider_1.png' alt \/><\/div>[vc_column_text]\n<h4 style=\"text-align: center;\">Horaires<\/h4>\n<p style=\"margin-top: 0px; text-align: center;\">Ma f\u00e9e sucr\u00e9e vous accueil sur<\/p>\n<p style=\"margin-top: 0px; text-align: center;\">rendez-vous uniquement<\/p>\n[\/vc_column_text][\/vc_column_inner][vc_column_inner width=\u00a0\u00bb2\/4&Prime;]<div style='border-color: #edecec; ' class='cws_divider none_line style_1'><img style='width:73px;' src='https:\/\/mafeesucree.com\/wp-content\/themes\/bellaria\/img\/dividers\/divider_1.png' alt \/><\/div>[vc_column_text]\n<h4 style=\"text-align: center;\">Envoyer un message:<\/h4>\n<p style=\"text-align: center;\"><script type=\"text\/javascript\">var gform;gform||(document.addEventListener(\"gform_main_scripts_loaded\",function(){gform.scriptsLoaded=!0}),window.addEventListener(\"DOMContentLoaded\",function(){gform.domLoaded=!0}),gform={domLoaded:!1,scriptsLoaded:!1,initializeOnLoaded:function(o){gform.domLoaded&&gform.scriptsLoaded?o():!gform.domLoaded&&gform.scriptsLoaded?window.addEventListener(\"DOMContentLoaded\",o):document.addEventListener(\"gform_main_scripts_loaded\",o)},hooks:{action:{},filter:{}},addAction:function(o,n,r,t){gform.addHook(\"action\",o,n,r,t)},addFilter:function(o,n,r,t){gform.addHook(\"filter\",o,n,r,t)},doAction:function(o){gform.doHook(\"action\",o,arguments)},applyFilters:function(o){return gform.doHook(\"filter\",o,arguments)},removeAction:function(o,n){gform.removeHook(\"action\",o,n)},removeFilter:function(o,n,r){gform.removeHook(\"filter\",o,n,r)},addHook:function(o,n,r,t,i){null==gform.hooks[o][n]&&(gform.hooks[o][n]=[]);var e=gform.hooks[o][n];null==i&&(i=n+\"_\"+e.length),gform.hooks[o][n].push({tag:i,callable:r,priority:t=null==t?10:t})},doHook:function(n,o,r){var t;if(r=Array.prototype.slice.call(r,1),null!=gform.hooks[n][o]&&((o=gform.hooks[n][o]).sort(function(o,n){return o.priority-n.priority}),o.forEach(function(o){\"function\"!=typeof(t=o.callable)&&(t=window[t]),\"action\"==n?t.apply(null,r):r[0]=t.apply(null,r)})),\"filter\"==n)return r[0]},removeHook:function(o,n,t,i){var r;null!=gform.hooks[o][n]&&(r=(r=gform.hooks[o][n]).filter(function(o,n,r){return!!(null!=i&&i!=o.tag||null!=t&&t!=o.priority)}),gform.hooks[o][n]=r)}});<\/script>\n                <div class='gf_browser_gecko gform_wrapper gravity-theme' id='gform_wrapper_2' >\n                        <div class='gform_heading'>\n                            <span class='gform_description'>contact<\/span>\n\t\t\t\t\t\t\t<p class='gform_required_legend'>\u00ab\u00a0<span class=\"gfield_required gfield_required_asterisk\">*<\/span>\u00a0\u00bb indique les champs n\u00e9cessaires<\/p>\n                        <\/div><form method='post' enctype='multipart\/form-data'  id='gform_2'  action='\/index.php?rest_route=%2Fwp%2Fv2%2Fpages%2F719' novalidate>\n                        <div class='gform_body gform-body'><div id='gform_fields_2' class='gform_fields top_label form_sublabel_below description_below'><fieldset id=\"field_2_1\"  class=\"gfield gfield_contains_required field_sublabel_below field_description_below gfield_visibility_visible\"  data-js-reload=\"field_2_1\"><legend class='gfield_label gfield_label_before_complex'  >Nom<span class=\"gfield_required\"><span class=\"gfield_required gfield_required_asterisk\">*<\/span><\/span><\/legend><div class='ginput_complex ginput_container no_prefix has_first_name no_middle_name has_last_name no_suffix gf_name_has_2 ginput_container_name' id='input_2_1'>\n                            \n                            <span id='input_2_1_3_container' class='name_first' >\n                                                    <input type='text' name='input_1.3' id='input_2_1_3' value=''   aria-required='true'     \/>\n                                                    <label for='input_2_1_3' >Pr\u00e9nom<\/label>\n                                                <\/span>\n                            \n                            <span id='input_2_1_6_container' class='name_last' >\n                                                    <input type='text' name='input_1.6' id='input_2_1_6' value=''   aria-required='true'     \/>\n                                                    <label for='input_2_1_6' >Nom<\/label>\n                                                <\/span>\n                            \n                        <\/div><\/fieldset><div id=\"field_2_3\"  class=\"gfield gfield--width-half gfield_contains_required field_sublabel_below field_description_below gfield_visibility_visible\"  data-js-reload=\"field_2_3\"><label class='gfield_label' for='input_2_3' >T\u00e9l\u00e9phone<span class=\"gfield_required\"><span class=\"gfield_required gfield_required_asterisk\">*<\/span><\/span><\/label><div class='ginput_container ginput_container_phone'><input name='input_3' id='input_2_3' type='tel' value='' class='large'   aria-required=\"true\" aria-invalid=\"false\"   \/><\/div><\/div><div id=\"field_2_4\"  class=\"gfield gfield--width-half gfield_contains_required field_sublabel_below field_description_below gfield_visibility_visible\"  data-js-reload=\"field_2_4\"><label class='gfield_label' for='input_2_4' >E-mail<span class=\"gfield_required\"><span class=\"gfield_required gfield_required_asterisk\">*<\/span><\/span><\/label><div class='ginput_container ginput_container_email'>\n                            <input name='input_4' id='input_2_4' type='email' value='' class='large'    aria-required=\"true\" aria-invalid=\"false\"  \/>\n                        <\/div><\/div><div id=\"field_2_5\"  class=\"gfield gfield--width-full gfield_contains_required field_sublabel_below field_description_below gfield_visibility_visible\"  data-js-reload=\"field_2_5\"><label class='gfield_label' for='input_2_5' >Message<span class=\"gfield_required\"><span class=\"gfield_required gfield_required_asterisk\">*<\/span><\/span><\/label><div class='ginput_container ginput_container_textarea'><textarea name='input_5' id='input_2_5' class='textarea large'     aria-required=\"true\" aria-invalid=\"false\"   rows='10' cols='50'><\/textarea><\/div><\/div><div id=\"field_2_6\"  class=\"gfield gfield--width-full field_sublabel_below field_description_below gfield_visibility_visible\"  data-js-reload=\"field_2_6\"><label class='gfield_label' for='input_2_6' >CAPTCHA<\/label><div id='input_2_6' class='ginput_container ginput_recaptcha' data-sitekey='6LcamsAqAAAAAJb4Nc-1MLTlp09Mtocvu3tYCN5L'  data-theme='light' data-tabindex='0'  data-badge=''><\/div><\/div><div id=\"field_2_7\"  class=\"gfield gform_validation_container field_sublabel_below field_description_below gfield_visibility_visible\"  data-js-reload=\"field_2_7\"><label class='gfield_label' for='input_2_7' >Name<\/label><div class='ginput_container'><input name='input_7' id='input_2_7' type='text' value='' autocomplete='new-password'\/><\/div><div class='gfield_description' id='gfield_description_2_7'>Ce champ n\u2019est utilis\u00e9 qu\u2019\u00e0 des fins de validation et devrait rester inchang\u00e9.<\/div><\/div><\/div><\/div>\n        <div class='gform_footer top_label'> <input type='submit' id='gform_submit_button_2' class='gform_button button' value='Envoyer'  onclick='if(window[\"gf_submitting_2\"]){return false;}  if( !jQuery(\"#gform_2\")[0].checkValidity || jQuery(\"#gform_2\")[0].checkValidity()){window[\"gf_submitting_2\"]=true;}  ' onkeypress='if( event.keyCode == 13 ){ if(window[\"gf_submitting_2\"]){return false;} if( !jQuery(\"#gform_2\")[0].checkValidity || jQuery(\"#gform_2\")[0].checkValidity()){window[\"gf_submitting_2\"]=true;}  jQuery(\"#gform_2\").trigger(\"submit\",[true]); }' \/> \n            <input type='hidden' class='gform_hidden' name='is_submit_2' value='1' \/>\n            <input type='hidden' class='gform_hidden' name='gform_submit' value='2' \/>\n            \n            <input type='hidden' class='gform_hidden' name='gform_unique_id' value='' \/>\n            <input type='hidden' class='gform_hidden' name='state_2' value='WyJbXSIsIjliODBmMTk4N2U2MTQxMDBkNWY1Y2M2YWNlOThkYTE4Il0=' \/>\n            <input type='hidden' class='gform_hidden' name='gform_target_page_number_2' id='gform_target_page_number_2' value='0' \/>\n            <input type='hidden' class='gform_hidden' name='gform_source_page_number_2' id='gform_source_page_number_2' value='1' \/>\n            <input type='hidden' name='gform_field_values' value='' \/>\n            \n        <\/div>\n                        <\/form>\n                        <\/div>\n[\/vc_column_text][\/vc_column_inner][vc_column_inner width=\u00a0\u00bb1\/4&Prime;]<div style='border-color: #edecec; ' class='cws_divider none_line style_1'><img style='width:73px;' src='https:\/\/mafeesucree.com\/wp-content\/themes\/bellaria\/img\/dividers\/divider_1.png' alt \/><\/div>[vc_column_text]\n<h4 style=\"text-align: center;\">Informations<\/h4>\n<p style=\"text-align: center; margin-bottom: 0px;\">Ma F\u00e9e Sucr\u00e9e<\/p>\n<p>4 Rue des Champs Montants,<\/p>\n<p>70190 Voray-sur-l&rsquo;Ognon<\/p>\n<p style=\"text-align: center; margin-top: 0px;\">France<\/p>\n<p style=\"text-align: center; margin-bottom: 0px;\">06 61 99 90 17<\/p>\n<p style=\"text-align: center; margin-bottom: 0px;\">mafeesucree@free.fr<\/p>\n[\/vc_column_text][\/vc_column_inner][\/vc_row_inner][\/vc_column][\/vc_row][vc_row full_width=\u00a0\u00bbstretch_row_content_no_spaces\u00a0\u00bb css=\u00a0\u00bb.vc_custom_1648734161833{margin-bottom: -85px !important;}\u00a0\u00bb][vc_column][vc_gmaps link=\u00a0\u00bb#E-8_JTNDaWZyYW1lJTIwc3JjJTNEJTIyaHR0cHMlM0ElMkYlMkZ3d3cuZ29vZ2xlLmNvbSUyRm1hcHMlMkZlbWJlZCUzRnBiJTNEJTIxMW0xNCUyMTFtOCUyMTFtMyUyMTFkMTA4MTQuMDQ2MDQ5ODY4MDAyJTIxMmQ2LjAxNjEyNTElMjEzZDQ3LjM0MzQxMDYlMjEzbTIlMjExaTEwMjQlMjEyaTc2OCUyMTRmMTMuMSUyMTNtMyUyMTFtMiUyMTFzMHgwJTI1M0EweDFjNjcxMDZmMGNmYTM0MDUlMjEyelRXRWdSc09wWlNCVGRXTnl3NmxsJTIxNWUwJTIxM20yJTIxMXNmciUyMTJzZnIlMjE0djE2NjcyOTYzNjc2NTAlMjE1bTIlMjExc2ZyJTIxMnNmciUyMiUyMHdpZHRoJTNEJTIyNjAwJTIyJTIwaGVpZ2h0JTNEJTIyNDUwJTIyJTIwc3R5bGUlM0QlMjJib3JkZXIlM0EwJTNCJTIyJTIwYWxsb3dmdWxsc2NyZWVuJTNEJTIyJTIyJTIwbG9hZGluZyUzRCUyMmxhenklMjIlMjByZWZlcnJlcnBvbGljeSUzRCUyMm5vLXJlZmVycmVyLXdoZW4tZG93bmdyYWRlJTIyJTNFJTNDJTJGaWZyYW1lJTNF\u00a0\u00bb][\/vc_column][\/vc_row]\n","protected":false},"excerpt":{"rendered":"<p>[vc_row][vc_column][vc_row_inner][vc_column_inner offset=\u00a0\u00bbvc_col-lg-offset-1 vc_col-lg-10&Prime;][vc_column_text] Contactez-moi Remplissez le formulaire ci-dessous pour contacter ma f\u00e9e sucr\u00e9e par email, ou cliquer sur le bouton en bas \u00e0 gauche pour discuter sur Facebook Messenger. &nbsp;[\/vc_column_text][\/vc_column_inner][\/vc_row_inner][vc_row_inner][vc_column_inner width=\u00a0\u00bb1\/4&Prime;][vc_column_text] Horaires Ma f\u00e9e sucr\u00e9e vous accueil sur rendez-vous uniquement [\/vc_column_text][\/vc_column_inner][vc_column_inner width=\u00a0\u00bb2\/4&Prime;][vc_column_text] Envoyer un message: [\/vc_column_text][\/vc_column_inner][vc_column_inner width=\u00a0\u00bb1\/4&Prime;][vc_column_text] Informations Ma F\u00e9e Sucr\u00e9e 4 Rue des Champs [&hellip;]<\/p>\n","protected":false},"author":1,"featured_media":0,"parent":0,"menu_order":0,"comment_status":"closed","ping_status":"closed","template":"","meta":{"footnotes":""},"class_list":["post-719","page","type-page","status-publish","hentry"],"yoast_head":"<!-- This site is optimized with the Yoast SEO plugin v20.0 - https:\/\/yoast.com\/wordpress\/plugins\/seo\/ -->\n<title>Contact - Ma f\u00e9e sucr\u00e9e<\/title>\n<meta name=\"robots\" content=\"index, follow, max-snippet:-1, max-image-preview:large, max-video-preview:-1\" \/>\n<link rel=\"canonical\" href=\"https:\/\/mafeesucree.com\/?page_id=719\" \/>\n<meta property=\"og:locale\" content=\"fr_FR\" \/>\n<meta property=\"og:type\" content=\"article\" \/>\n<meta property=\"og:title\" content=\"Contact - Ma f\u00e9e sucr\u00e9e\" \/>\n<meta property=\"og:description\" content=\"[vc_row][vc_column][vc_row_inner][vc_column_inner offset=\u00a0\u00bbvc_col-lg-offset-1 vc_col-lg-10&Prime;][vc_column_text] Contactez-moi Remplissez le formulaire ci-dessous pour contacter ma f\u00e9e sucr\u00e9e par email, ou cliquer sur le bouton en bas \u00e0 gauche pour discuter sur Facebook Messenger. &nbsp;[\/vc_column_text][\/vc_column_inner][\/vc_row_inner][vc_row_inner][vc_column_inner width=\u00a0\u00bb1\/4&Prime;][vc_column_text] Horaires Ma f\u00e9e sucr\u00e9e vous accueil sur rendez-vous uniquement [\/vc_column_text][\/vc_column_inner][vc_column_inner width=\u00a0\u00bb2\/4&Prime;][vc_column_text] Envoyer un message: [\/vc_column_text][\/vc_column_inner][vc_column_inner width=\u00a0\u00bb1\/4&Prime;][vc_column_text] Informations Ma F\u00e9e Sucr\u00e9e 4 Rue des Champs [&hellip;]\" \/>\n<meta property=\"og:url\" content=\"https:\/\/mafeesucree.com\/?page_id=719\" \/>\n<meta property=\"og:site_name\" content=\"Ma f\u00e9e sucr\u00e9e\" \/>\n<meta property=\"article:publisher\" content=\"https:\/\/www.facebook.com\/mafeesucree\" \/>\n<meta property=\"article:modified_time\" content=\"2022-11-04T20:41:50+00:00\" \/>\n<meta name=\"twitter:card\" content=\"summary_large_image\" \/>\n<meta name=\"twitter:label1\" content=\"Dur\u00e9e de lecture estim\u00e9e\" \/>\n\t<meta name=\"twitter:data1\" content=\"1 minute\" \/>\n<script type=\"application\/ld+json\" class=\"yoast-schema-graph\">{\"@context\":\"https:\/\/schema.org\",\"@graph\":[{\"@type\":\"WebPage\",\"@id\":\"https:\/\/mafeesucree.com\/?page_id=719\",\"url\":\"https:\/\/mafeesucree.com\/?page_id=719\",\"name\":\"Contact - Ma f\u00e9e sucr\u00e9e\",\"isPartOf\":{\"@id\":\"https:\/\/mafeesucree.com\/#website\"},\"datePublished\":\"2017-12-08T14:13:35+00:00\",\"dateModified\":\"2022-11-04T20:41:50+00:00\",\"breadcrumb\":{\"@id\":\"https:\/\/mafeesucree.com\/?page_id=719#breadcrumb\"},\"inLanguage\":\"fr-FR\",\"potentialAction\":[{\"@type\":\"ReadAction\",\"target\":[\"https:\/\/mafeesucree.com\/?page_id=719\"]}]},{\"@type\":\"BreadcrumbList\",\"@id\":\"https:\/\/mafeesucree.com\/?page_id=719#breadcrumb\",\"itemListElement\":[{\"@type\":\"ListItem\",\"position\":1,\"name\":\"Accueil\",\"item\":\"https:\/\/mafeesucree.com\/\"},{\"@type\":\"ListItem\",\"position\":2,\"name\":\"Contact\"}]},{\"@type\":\"WebSite\",\"@id\":\"https:\/\/mafeesucree.com\/#website\",\"url\":\"https:\/\/mafeesucree.com\/\",\"name\":\"Ma f\u00e9e sucr\u00e9e\",\"description\":\"Traiteur, P\u00e2tissier, Ateliers culinaires \u00e0 Voray-sur-l&#039;ognon\",\"publisher\":{\"@id\":\"https:\/\/mafeesucree.com\/#organization\"},\"potentialAction\":[{\"@type\":\"SearchAction\",\"target\":{\"@type\":\"EntryPoint\",\"urlTemplate\":\"https:\/\/mafeesucree.com\/?s={search_term_string}\"},\"query-input\":\"required name=search_term_string\"}],\"inLanguage\":\"fr-FR\"},{\"@type\":\"Organization\",\"@id\":\"https:\/\/mafeesucree.com\/#organization\",\"name\":\"Ma f\u00e9e sucr\u00e9e\",\"url\":\"https:\/\/mafeesucree.com\/\",\"logo\":{\"@type\":\"ImageObject\",\"inLanguage\":\"fr-FR\",\"@id\":\"https:\/\/mafeesucree.com\/#\/schema\/logo\/image\/\",\"url\":\"https:\/\/mafeesucree.com\/wp-content\/uploads\/2022\/11\/logo-v4-1.png\",\"contentUrl\":\"https:\/\/mafeesucree.com\/wp-content\/uploads\/2022\/11\/logo-v4-1.png\",\"width\":4105,\"height\":3097,\"caption\":\"Ma f\u00e9e sucr\u00e9e\"},\"image\":{\"@id\":\"https:\/\/mafeesucree.com\/#\/schema\/logo\/image\/\"},\"sameAs\":[\"https:\/\/www.instagram.com\/mafeesucree\/\",\"https:\/\/www.facebook.com\/mafeesucree\"]}]}<\/script>\n<!-- \/ Yoast SEO plugin. -->","yoast_head_json":{"title":"Contact - Ma f\u00e9e sucr\u00e9e","robots":{"index":"index","follow":"follow","max-snippet":"max-snippet:-1","max-image-preview":"max-image-preview:large","max-video-preview":"max-video-preview:-1"},"canonical":"https:\/\/mafeesucree.com\/?page_id=719","og_locale":"fr_FR","og_type":"article","og_title":"Contact - Ma f\u00e9e sucr\u00e9e","og_description":"[vc_row][vc_column][vc_row_inner][vc_column_inner offset=\u00a0\u00bbvc_col-lg-offset-1 vc_col-lg-10&Prime;][vc_column_text] Contactez-moi Remplissez le formulaire ci-dessous pour contacter ma f\u00e9e sucr\u00e9e par email, ou cliquer sur le bouton en bas \u00e0 gauche pour discuter sur Facebook Messenger. &nbsp;[\/vc_column_text][\/vc_column_inner][\/vc_row_inner][vc_row_inner][vc_column_inner width=\u00a0\u00bb1\/4&Prime;][vc_column_text] Horaires Ma f\u00e9e sucr\u00e9e vous accueil sur rendez-vous uniquement [\/vc_column_text][\/vc_column_inner][vc_column_inner width=\u00a0\u00bb2\/4&Prime;][vc_column_text] Envoyer un message: [\/vc_column_text][\/vc_column_inner][vc_column_inner width=\u00a0\u00bb1\/4&Prime;][vc_column_text] Informations Ma F\u00e9e Sucr\u00e9e 4 Rue des Champs [&hellip;]","og_url":"https:\/\/mafeesucree.com\/?page_id=719","og_site_name":"Ma f\u00e9e sucr\u00e9e","article_publisher":"https:\/\/www.facebook.com\/mafeesucree","article_modified_time":"2022-11-04T20:41:50+00:00","twitter_card":"summary_large_image","twitter_misc":{"Dur\u00e9e de lecture estim\u00e9e":"1 minute"},"schema":{"@context":"https:\/\/schema.org","@graph":[{"@type":"WebPage","@id":"https:\/\/mafeesucree.com\/?page_id=719","url":"https:\/\/mafeesucree.com\/?page_id=719","name":"Contact - Ma f\u00e9e sucr\u00e9e","isPartOf":{"@id":"https:\/\/mafeesucree.com\/#website"},"datePublished":"2017-12-08T14:13:35+00:00","dateModified":"2022-11-04T20:41:50+00:00","breadcrumb":{"@id":"https:\/\/mafeesucree.com\/?page_id=719#breadcrumb"},"inLanguage":"fr-FR","potentialAction":[{"@type":"ReadAction","target":["https:\/\/mafeesucree.com\/?page_id=719"]}]},{"@type":"BreadcrumbList","@id":"https:\/\/mafeesucree.com\/?page_id=719#breadcrumb","itemListElement":[{"@type":"ListItem","position":1,"name":"Accueil","item":"https:\/\/mafeesucree.com\/"},{"@type":"ListItem","position":2,"name":"Contact"}]},{"@type":"WebSite","@id":"https:\/\/mafeesucree.com\/#website","url":"https:\/\/mafeesucree.com\/","name":"Ma f\u00e9e sucr\u00e9e","description":"Traiteur, P\u00e2tissier, Ateliers culinaires \u00e0 Voray-sur-l&#039;ognon","publisher":{"@id":"https:\/\/mafeesucree.com\/#organization"},"potentialAction":[{"@type":"SearchAction","target":{"@type":"EntryPoint","urlTemplate":"https:\/\/mafeesucree.com\/?s={search_term_string}"},"query-input":"required name=search_term_string"}],"inLanguage":"fr-FR"},{"@type":"Organization","@id":"https:\/\/mafeesucree.com\/#organization","name":"Ma f\u00e9e sucr\u00e9e","url":"https:\/\/mafeesucree.com\/","logo":{"@type":"ImageObject","inLanguage":"fr-FR","@id":"https:\/\/mafeesucree.com\/#\/schema\/logo\/image\/","url":"https:\/\/mafeesucree.com\/wp-content\/uploads\/2022\/11\/logo-v4-1.png","contentUrl":"https:\/\/mafeesucree.com\/wp-content\/uploads\/2022\/11\/logo-v4-1.png","width":4105,"height":3097,"caption":"Ma f\u00e9e sucr\u00e9e"},"image":{"@id":"https:\/\/mafeesucree.com\/#\/schema\/logo\/image\/"},"sameAs":["https:\/\/www.instagram.com\/mafeesucree\/","https:\/\/www.facebook.com\/mafeesucree"]}]}},"_links":{"self":[{"href":"https:\/\/mafeesucree.com\/index.php?rest_route=\/wp\/v2\/pages\/719","targetHints":{"allow":["GET"]}}],"collection":[{"href":"https:\/\/mafeesucree.com\/index.php?rest_route=\/wp\/v2\/pages"}],"about":[{"href":"https:\/\/mafeesucree.com\/index.php?rest_route=\/wp\/v2\/types\/page"}],"author":[{"embeddable":true,"href":"https:\/\/mafeesucree.com\/index.php?rest_route=\/wp\/v2\/users\/1"}],"replies":[{"embeddable":true,"href":"https:\/\/mafeesucree.com\/index.php?rest_route=%2Fwp%2Fv2%2Fcomments&post=719"}],"version-history":[{"count":6,"href":"https:\/\/mafeesucree.com\/index.php?rest_route=\/wp\/v2\/pages\/719\/revisions"}],"predecessor-version":[{"id":3354,"href":"https:\/\/mafeesucree.com\/index.php?rest_route=\/wp\/v2\/pages\/719\/revisions\/3354"}],"wp:attachment":[{"href":"https:\/\/mafeesucree.com\/index.php?rest_route=%2Fwp%2Fv2%2Fmedia&parent=719"}],"curies":[{"name":"wp","href":"https:\/\/api.w.org\/{rel}","templated":true}]}}